4)/((4/56)/(-1)). What are the prime factors of c(x)?
101
Suppose 4*q + 4*b - 8332 = 0, 2*b - 6 = -18. What are the prime factors of q?
2089
Let q(t) = 3*t**3 + 24*t**2 + 37*t + 146. What are the prime factors of q(20)?
2, 43, 401
Let k = -20574 + 86330. What are the prime factors of k?
2, 17, 967
Suppose 42*u + 9*u - 48490 = -15646. What are the prime factors of u?
2, 7, 23
Suppose 0 = 3*n - 6*n - 39. Let j be 3/78*-4 + 102/n. Let a = j + 151. List the prime factors of a.
11, 13
Let c(u) = -61*u - 41. Suppose -11*a - 596 = 702. Let w = 114 + a. What are the prime factors of c(w)?
7, 29
Suppose -60*o + 58*o + 476 = 0. Let p = o - -613. List the prime factors of p.
23, 37
Let d(a) = -2*a**3 - 7*a**2 - 123*a + 358. List the prime factors of d(-26).
2, 31, 137
Let h be 122 - (-3 - -1 - -4). Let i = -120 + h. Suppose -5*j = -u - 252, i*u = 3*u + 6. List the prime factors of j.
2, 5
Suppose j - 2*j + 5 = c, 0 = 4*c + 3*j - 15. Let q = 5 + c. Suppose -2 = -k, -2*k = q*m + 2*k - 408. List the prime factors of m.
2, 5
Let o(q) = 6 - 47*q + 46*q - 4 + 8. Let f be o(3). Let b(i) = 9*i + 10. List the prime factors of b(f).
73
Let c(u) = -u**2 + 11*u + 1. Let j be c(10). Suppose -j*d = -332 - 559. What are the prime factors of d?
3
Suppose 2*h + 8 = 4*h. Suppose 12*t = h*t + 16. Suppose -t*i + 86 = 4*d, -2*d + 6*d - i = 101. List the prime factors of d.
2, 3
Let h(r) = 20397*r - 66. What are the prime factors of h(1)?
3, 251
Let k = -42 + 52. Let o = -20 + k. List the prime factors of (o - 7)/((-1)/2).
2, 17
Let d(a) = -a**2 + 9*a - 10. Let n be d(7). Suppose k + 4*k = 4*y + 17, n*y + 3*k = 23. Suppose -y*c + 4*u = u - 1, 2*u = 6. What are the prime factors of c?
5
Let a(y) = -y**2 + 13*y - 4. Let m be a(11). Let w be (-6)/5*45/m. What are the prime factors of (1 + w)/(4/(-104))?
2, 13
Let b = 6709 - 6508. What are the prime factors of b?
3, 67
Let t = -1995 - -3821. Suppose -10*i + 844 + t = 0. What are the prime factors of i?
3, 89
Let u(n) = 12*n**2 - 10*n + 4. Let f be u(3). Suppose -12*l - 22 = -f. Suppose -585 = -l*x - 80. What are the prime factors of x?
101
Let d(q) = -q**2 + 10*q - 4. Let x be d(9). Suppose -x*l + 1195 = -0*l. Suppose -5*i = -4*f - 416, -5*f + 59 = -2*i + l. What are the prime factors of i?
2, 5
Let w = -12 + 733. Let f = w - 404. List the prime factors of f.
317
Suppose 2*q - 45232 = 2*j, -5*q + 43113 = j - 70003. List the prime factors of q.
2, 11311
Suppose 22822 - 2812 = 46*m. Let d = -276 + m. List the prime factors of d.
3, 53
Suppose 116 = -3*a + a + 9754. What are the prime factors of a?
61, 79
Let a(b) be the first derivative of -18 - 5/2*b**2 - b. List the prime factors of a(-7).
2, 17
Let h(v) = -v**2 + 2*v - 1. Let m(q) = 2*q**3 + 2*q**2 + 21*q - 3. Let n(r) = 6*h(r) - m(r). List the prime factors of n(-9).
2, 3, 37
Let p(x) = -166*x**3 + 7*x + 43. List the prime factors of p(-3).
2, 563
Let n(t) = -84 + 46*t + 44 + 43*t. List the prime factors of n(9).
761
List the prime factors of (1 + 637)/(((-12)/(-24))/((-303)/(-6))).
2, 11, 29, 101
Suppose 0 = 14*v + v + 23970. What are the prime factors of (v/12)/((-33)/198)?
17, 47
Let i = 103 - 101. Suppose 7*s = 3*s - 4, 3*h - i*s = 920. List the prime factors of h.
2, 3, 17
Let o(s) = -s**3 + 13*s**2 + 32*s - 18. Let g be o(17). Let q = -328 - g. Let r = q + -121. List the prime factors of r.
181
Suppose 0 = 21*m - 22*m + 2*z + 1106, -6 = 2*z. What are the prime factors of m?
2, 5, 11
Let k be 2 + (-7)/(28/(-16)). Suppose 5*d + 17 = k*d. Suppose -310 = d*g - 19*g. List the prime factors of g.
5, 31
Let o(h) = -26*h + 170. Let r be o(-22). Suppose 2*a - 2 = 0, -3*x = 4*a - 2810 + r. List the prime factors of x.
2, 43
Suppose -3*h - 22017 = -4*x, 2*x + 21*h - 10989 = 16*h. What are the prime factors of x?
2, 3, 7, 131
Let f(m) = -2*m**3 + 2*m**2 + 3*m - 54. Let n be f(6). Let g = -278 - n. List the prime factors of g.
2, 59
Let o = -335 + 600. Suppose 0 = 2*u - 197 - 95. Let i = o - u. What are the prime factors of i?
7, 17
Let y = -67 - -86. Suppose y*o + 2890 = 36*o. What are the prime factors of o?
2, 5, 17
Let k = -225 + 319. Let b be (-7)/(70/(-3)) - (-2316)/(-120). Let i = k - b. What are the prime factors of i?
113
Suppose -4*p + 2*r = 362, -3*p + r = -0*p + 272. List the prime factors of ((-208)/p - (-4)/(-14)) + 361.
3, 11
What are the prime factors of 2820/50*9700/30?
2, 47, 97
Let l(s) = 29*s**2 - s - 3. Let r = -118 + 131. Suppose 2*h = x + 7*h - r, -9 = -3*h. What are the prime factors of l(x)?
5, 23
Let h(f) = 48*f**2 - 254*f - 1512. What are the prime factors of h(-6)?
2, 3, 5, 29
Suppose -2*w + 8*y - 13*y + 15439 = 0, 5*w + 2*y = 38545. List the prime factors of w.
3, 7, 367
What are the prime factors of 4/(-92) + (-2947272)/(-138)?
3, 7, 113
Let q = 40 + -35. Let v be (-2)/20*2 + (-19)/q. What are the prime factors of 3 + (-3)/12*v?
2
Let g(p) = 606*p**2 - 379*p - 2681. What are the prime factors of g(-7)?
2, 7, 13, 163
Suppose -3*j + 56 = 41. Let f = 8 - j. Suppose a + 133 = 6*o - o, 72 = f*o + 2*a. List the prime factors of o.
2, 13
Let p = -715 - -2541. Suppose 0 = 3*t + 6*x - 2*x - p, -5*t - 4*x + 3038 = 0. What are the prime factors of t?
2, 3, 101
Suppose 4*t = -3*p - p + 10988, 2*t - 5506 = p. List the prime factors of t.
3, 7, 131
Suppose -4*n - 776 + 4356 = 0. Suppose -n = -10*w + 3005. List the prime factors of w.
2, 3, 5, 13
Suppose -36*l + 9*l + 20655 = 0. Suppose l*y + 5495 = 772*y. List the prime factors of y.
5, 157
What are the prime factors of (-5)/(50/(-8))*(-2 + 3882)?
2, 97
Let t(p) = -95*p**3 - 4*p**2 + 68*p - 12. What are the prime factors of t(-7)?
19, 23, 73
Let f(p) = -p**2 - 5*p - 4. Let d be f(-3). Suppose i - 2*o - 47 = 0, -4*o + o - 95 = -d*i. Let k = -34 + i. What are the prime factors of k?
3, 5
Suppose 60*q - 61*q + 4083 = 0. Suppose 4*s + 5*r - q = 0, -3*s - 667 + 3753 = -r. What are the prime factors of s?
13, 79
Let p(d) = -2264*d + 4217. What are the prime factors of p(-6)?
7, 2543
List the prime factors of (3/2)/((-8)/(-18816)).
2, 3, 7
Let g be (-1 - (-10)/4)*(-2816)/192. Let c = g + 23. List the prime factors of 3 + c/(5/415).
2, 43
Suppose 7*r = 2 + 5. Let p be (-191 - 4)/3 + r. Let s = 72 + p. What are the prime factors of s?
2
Let s = 1285 + -730. Let k(g) = -10*g - 197. Let l be k(-20). Suppose x - 413 = -2*o - 138, -s = -4*o - l*x. List the prime factors of o.
3, 5
Suppose -868 = -7*m + 11*m. Suppose 0 = 5*p + 4*o - 1564, 3*p + 2*o - 938 = -0*o. Let v = m + p. List the prime factors of v.
5, 19
Suppose 5*t + q - 154934 = 0, -4*t + 123946 = -0*t + 2*q. List the prime factors of t.
3, 11, 313
Let q(u) = 16*u**2 - 63*u - 2. Let f be q(6). Suppose 0*d - 2*d + 8 = 0. Suppose z - f = -5*k, -5*z + 7*k + 924 = d*k. List the prime factors of z.
2, 3, 31
Let h(i) = -8*i + 50. Let g be h(7). Let n(p) = -19*p + 7. Let u be n(g). Suppose x = -5*t + 162, u + 176 = 2*x + t. List the prime factors of x.
3, 7
Suppose 0 = -46*z - 59*z - 2005 + 9775. What are the prime factors of z?
2, 37
Suppose 12*y - 41556 = 7*y - 12*m, 0 = y - 5*m - 8326. List the prime factors of y.
2, 3, 7, 11
What are the prime factors of ((-118041)/22)/((-4)/24)?
3, 7, 73
Suppose 7*w = 5*w - 822. Let y be w*-3*5/45. Let m = -71 + y. List the prime factors of m.
2, 3, 11
What are the prime factors of -36*(7 + 10/(180/(-2133)))?
2, 3, 223
Suppose z - 160 = 5*i - 36, z - 130 = 3*i. Let m(v) = 8*v + 7. Let p be m(-10). Let l = z + p. What are the prime factors of l?
2, 3, 11
Let f = 227 - -182. Let v = 710 - f. Suppose 6*y = -y + v. List the prime factors of y.
43
Suppose 4*g = 20, -4*d - 4*g = -35789 - 68931. List the prime factors of d.
3, 5, 349
Let c(s) = -241*s**3 + 4*s**2 - 10*s - 27. What are the prime factors of c(-3)?
2, 3, 1091
Let b(t) = -10*t + 17. Let d be b(10). Let i = d + 147. Let z = i - 59. What are the prime factors of z?
5
Let g be 30/50 - 604/(-10). Suppose -g = 5*t + 29. Let m(s) = -s**3 - 18*s**2 - 4*s + 3. What are the prime factors of m(t)?
3, 5
Let a be 4/6 - 2368/(-12). Suppose -k + 11 + 141 = -4*q, 140 = -4*q + 4*k. Let m = a - q. List the prime factors of m.
3, 79
Suppose 15 = -5*f - 32*g + 34*g, -20 = -f + 5*g. What are the prime factors of (-5 - 3208/40)*f?
2, 3, 71
Suppose -m - 4*p = 3*m - 312, -147 = -2*m - 5*p. Suppose 110 + 